+ 40*m**2 + 4*m - 157. Suppose 0 = 2*y - 72 - 0. What is the remainder when y is divided by n(40)?
0
Suppose -40 + 4 = -4*l. Let d(z) = -z**3 + 6*z**2 + 18*z - 14. Let x be d(8). Calculate the remainder when (-36 - (0 - x))*(-15)/30 is divided by l.
8
Let h = 3948 - 2721. Calculate the remainder when h is divided by 30.
27
Let x(r) be the third derivative of -r**6/120 - 3*r**5/10 - 17*r**4/24 + r**3/3 + 30*r**2. Calculate the remainder when 7 is divided by x(-17).
1
Suppose 0 = 5*a - 218 - 7. Suppose -4*t - 1 = -a. Suppose 0 = -4*d + 2*q + 24, 5*d = 3*q - 9 + 39. Calculate the remainder when t is divided by d.
5
Suppose -x - 226 = -2*u, 6*u - x + 234 = 8*u. Calculate the remainder when u is divided by 61.
54
Suppose -w + 4*i + 30 = 0, 4*i - 80 = -4*w - 0*w. What is the remainder when 153 is divided by w?
21
Suppose 6*q - 23 = -29. What is the remainder when 209 is divided by 1*(-2 - q)*(-39 + -14)?
50
Let p = -46 + 110. Suppose -p + 20 = u. Let v = u + 63. Calculate the remainder when v is divided by 4.
3
Let k = -792 + 952. Calculate the remainder when k is divided by 54.
52
Let j = 199 + -190. Let y = -10 + 0. Let r = 72 + y. Calculate the remainder when r is divided by j.
8
Let r be (-946)/8 + (-45)/(-36). Let a = 221 + r. Calculate the remainder when a is divided by 15.
14
Let q be ((-32)/5)/((-6)/15). Let p be 68/q - (-1)/(-4). Suppose -2*d + p*n + 34 = 2*n, 2*d - 5*n - 40 = 0. Calculate the remainder when 71 is divided by d.
11
Suppose -3*k + 9 = 3*t, 12 = t + 2*t + 2*k. Suppose -18 + 3 = 5*y, -2*y + 79 = 5*l. What is the remainder when l is divided by t?
5
Let b(l) = -9*l**3 + l + 1. What is the remainder when 89 is divided by b(-1)?
8
Let y = -55 + 55. Let n(r) = -7*r + 19. What is the remainder when n(y) is divided by 7?
5
Suppose 2*n - 4 = 0, 3*n - 57 = -4*j + 81. Calculate the remainder when -123*((-10)/(-15) - 2) is divided by j.
32
Let h(i) = -11*i + 23. Calculate the remainder when 100 is divided by h(0).
8
What is the remainder when 142 is divided by (40 - 44)*-1*6?
22
Let v be 35/10 + ((-7)/2 - -2). Calculate the remainder when v/10 - (-229)/5 is divided by 8.
6
Suppose 212*w - 177*w - 350 = 0. Calculate the remainder when 207 is divided by w.
7
Suppose -2*f = -2*a - 88, 2*f + 5*a - 109 = -28. Suppose w = -b + 8, 0 = -5*w + 4*b - 3 + f. Calculate the remainder when 27 is divided by w.
3
Suppose 5*x - 3*n = 187, -2*x = -3*n - 14 - 59. Suppose -9*u + 9 = -6*u. Suppose -u*o + x = 5. What is the remainder when o is divided by 3?
2
Suppose -5*a - 12 = 2*f - 95, -5*f = -20. Suppose -2*r + 5*r = -s - 135, 4*s + r + 551 = 0. What is the remainder when s/(-5) - (-12)/30 is divided by a?
13
Let a(i) = i**3 + 11*i**2 - 8*i + 1. Calculate the remainder when a(-10) is divided by 12.
1
Let m(z) = 34*z**2 + 6*z - 3. Calculate the remainder when m(-2) is divided by 44.
33
Let z = 11 + -20. Let t be 30/z*6/(-4). Suppose 3*a - 24 = -y + 67, -t*a + 147 = 4*y. Calculate the remainder when 90 is divided by a.
28
Let v(r) be the third derivative of -7*r**4/24 - 10*r**3/3 + 18*r**2. Suppose 26 + 20 = 2*g. Calculate the remainder when g is divided by v(-4).
7
Suppose -5*i + 44*j + 555 = 39*j, -2*i + 213 = j. What is the remainder when 1079 is divided by i?
107
Let i(q) = q**2 - 15*q - 33. Let z be i(17). Suppose -s + 4 = -z. Calculate the remainder when 23 is divided by s.
3
Let l(t) be the second derivative of t**5/20 + 5*t**4/12 + t**3/6 + t**2 - 4*t. Let m be l(-5). Calculate the remainder when 8/m*(-1 + -5) is divided by 9.
7
Suppose 12 = -7*z + 4*z. Let n(i) = i**2 - i. Calculate the remainder when n(z) is divided by (-2)/((5/(-60))/((-2)/(-4))).
8
Let o = 75 - -112. What is the remainder when o is divided by 561/12 + 4 + (-45)/12?
46
Suppose 3*j - 119 = 5*r - 7, j + 4*r - 60 = 0. Suppose 24 = 5*f - 51. Calculate the remainder when j is divided by f.
14
Let u(i) = -i**3 - 14*i**2 - 18*i - 27. Suppose 0 = 2*w - 18 + 44. What is the remainder when u(w) is divided by 8?
6
Let q = 12 + -12. Suppose -b - 2*r - 14 = b, 2*b - r + 8 = q. Let w(o) = 3*o**2 + 8*o + 4. What is the remainder when w(b) is divided by 20?
19
Suppose -19*f = -7*f - 1032. What is the remainder when f is divided by 21?
2
Let u(o) = -o**3 + 14*o**2 + 27. Let g be u(14). Let c = 63 - g. What is the remainder when 69 is divided by c?
33
Let o = -389 - -540. Calculate the remainder when o is divided by 39.
34
Calculate the remainder when 455 is divided by ((-608)/(-56))/((-8)/(-28)).
37
Let g = -5 + -4. Let v = g + 44. Suppose -s - 3 = -4*p + 45, 12 = 3*s. What is the remainder when v is divided by p?
9
Let r(d) = 31*d + 72. What is the remainder when 90 is divided by r(-2)?
0
Let k(h) = -h**2 + 1. Let r be k(5). Let u = r + 93. Suppose 74 = 5*f + y - 5*y, 2*f - 5*y - 16 = 0. What is the remainder when u is divided by f?
15
Suppose -3*d - 87 + 405 = 0. Calculate the remainder when d is divided by 38.
30
Suppose 16 = y - 4. Let v = y + -4. Calculate the remainder when (-10)/(-4) - 456/(-16) is divided by v.
15
Suppose 0 = -8*v + 10*v + 6, 4*i - 181 = -v. Calculate the remainder when i is divided by 17.
12
Suppose -5*f + 90 = -2*h, 2*h - 36 = -4*f + 18. What is the remainder when f is divided by 12?
4
Suppose 3*x - 1184 = -2*s, -2*s + 3*x + 513 = -659. Let v = -364 + s. Suppose 0*q = -5*q + v. Calculate the remainder when q is divided by 12.
9
Let r = -121 + 76. Let v = -39 + 119. Let f = v + r. Calculate the remainder when f is divided by 18.
17
Let f = 2108 - 1904. What is the remainder when f is divided by 4?
0
Suppose -4*d = d - 60. What is the remainder when (-12 + 0)*((-100)/(-16) + -9) is divided by d?
9
Let i be (8 - -36) + 1 + 1. Suppose -2 = -w - 2*m, 5*m - m = 3*w - i. What is the remainder when w is divided by -1*(-1)/((-1)/(-4))?
2
Suppose 5*p + 2*a + a = 211, a + 162 = 4*p. Suppose 2*l + 11 - p = 0. Suppose 3*g = l + 18. Calculate the remainder when g is divided by 3.
2
Let k(s) = -2*s - 99. Let p(a) = -3*a - 148. Let n(w) = 7*k(w) - 5*p(w). What is the remainder when n(0) is divided by 24?
23
Let d(j) = 144*j - 172. Calculate the remainder when d(11) is divided by 12.
8
Let n be -6*6/(-9)*1. Calculate the remainder when 59 is divided by n + -1 + (0 - -12).
14
Suppose -3*k + 22 + 8 = 0. Let h be (-10)/6*(8 + (6 - 11)). Let u = k - h. What is the remainder when u is divided by 8?
7
Suppose g + 5*v + 266 = 5*g, 0 = g + 3*v - 58. Calculate the remainder when 165 is divided by g.
37
Let t = 66 - 66. Suppose t = 2*l - 11 - 9. What is the remainder when l is divided by 3?
1
Let h be 4/2*3*(-49)/(-42). Suppose h*o = 111 + 8. Calculate the remainder when 48 is divided by o.
14
Let w(p) = 29*p - 33. What is the remainder when w(2) is divided by (52/(-6))/((-10)/15)?
12
Suppose -2*n - 2*b + 37 = -17, 4*b = 3*n - 116. Calculate the remainder when 316 is divided by n.
28
Let t(z) = 5*z**3 + 4*z**2 - 4*z + 1. What is the remainder when t(3) is divided by 9?
7
Let m(n) = n**3 + 10*n**2 + 18*n - 4. What is the remainder when 188 is divided by m(-6)?
28
Suppose -16*l + 1046 - 438 = 0. Calculate the remainder when 99 is divided by l.
23
Let q be 0/2*3/(-3). Let v be (-1 - 1) + q - -138. Suppose c + v = 4*z - 2*c, 4*z = -c + 136. Calculate the remainder when z is divided by 9.
7
Suppose 0 = -5*j + 5*y + 585, -3*j + 4*y = -199 - 155. What is the remainder when j is divided by 12?
6
Let f = 1957 + -1722. What is the remainder when f is divided by 30?
25
Let o be (-178)/16 + (-7)/(-56). Let g = 7 + o. Calculate the remainder when (-270)/12*g/2 is divided by 12.
9
Let b(d) = 985*d**3 - 2*d**2 + 1. Let m be b(-1). Suppose 3*v + v + 84 = 4*a, 2*a - 4*v - 46 = 0. What is the remainder when 12/54 + m/(-18) is divided by a?
17
Suppose 0 = 35*v - 4229 - 13761. Calculate the remainder when v is divided by 6.
4
Let n be (8 - 34)/(2/4). Calculate the remainder when (-3783)/n - (-1)/4 is divided by 25.
23
Suppose -3*l - 41 = 34. Let z = 40 + l. Calculate the remainder when 73 is divided by z.
13
Suppose 196 + 84 + 62 = 57*d. Suppose -3*i = -12 - 0. What is the remainder when d is divided by i?
2
Let w be 93/6 + 3/(-2). Suppose -i = -2*d - 9, 0 = i + d + 2*d - w. Let c = 44 + -13. Calculate the remainder when c is divided by i.
9
Let q = -2 - -11. Let u = 16 - q. Calculate the remainder when 20 is di